he prime factors of (-4)/18 + 708/27?
2, 13
Let n(d) = 5*d - 2*d + 1 + d. What are the prime factors of n(3)?
13
Let k(f) be the second derivative of 5*f**3/6 + 6*f. What are the prime factors of k(1)?
5
Suppose 0 = 4*c + 3*h - 124, h + 4*h = 4*c - 92. What are the prime factors of c?
2, 7
Suppose -19*w + 14*w + 840 = 0. List the prime factors of w.
2, 3, 7
What are the prime factors of 31 + -1 - 18/(-6)?
3, 11
Let z = 24 + -22. List the prime factors of 18 - -1 - (z - -1).
2
Suppose 0 = -0*c + 3*c - 9. Suppose 5*p - 35 = 5*x, 0 + 11 = c*p + 2*x. What are the prime factors of p?
5
Suppose 5 = -5*i - 3*m - 2, -3*m + 9 = -3*i. Let l = 13 + i. List the prime factors of l.
11
Let i be 2/(-8) - 25/(-4). Suppose 3*n = i*n - 87. Suppose 0*c = -2*c - 3*b + 19, -5*b = 2*c - n. What are the prime factors of c?
2
Let h(l) be the third derivative of l**6/60 + l**5/12 + l**4/6 + l**3/3 + 2*l**2. Let v be h(-3). Let t = 32 + v. List the prime factors of t.
13
Let m(f) = -f**3 - 5*f**2 - 3*f + 9. List the prime factors of m(-4).
5
Let f = -147 - -187. List the prime factors of f.
2, 5
Let h(j) = j - 2. Let d be h(3). Let b = d - 4. Let f = b + 10. List the prime factors of f.
7
Let o = 267 + -124. List the prime factors of o.
11, 13
Let d be 10/(-2 - -4) - 0. Suppose d*g + 4*j = 32, -2*j + 0*j - 6 = -3*g. Suppose g - 2 = m. What are the prime factors of m?
2
Let m = -5 - -3. Let q = -1 - m. What are the prime factors of (1 - -5)*2*q?
2, 3
Let v = 12 - 7. Let d be -9 + 2 + 5/v. List the prime factors of d/21 - 90/(-21).
2
Let k(c) = -3 - c + 0 + 5. Let b be k(-2). Suppose -4*s + 47 = 4*x - 3*s, -s - 49 = -b*x. What are the prime factors of x?
2, 3
Let l be ((-1)/2)/((-1)/(-14)). Let h = 4 - -11. Let i = h + l. What are the prime factors of i?
2
Suppose 0 = -2*b - 3*k + 191, -b + 469 = 4*b - k. List the prime factors of b.
2, 47
Suppose 0 = -5*f + 5*d + 510, -8*f + 3*f = 4*d - 474. List the prime factors of f.
2, 7
Let a = -17 + 26. Suppose -j + a = j + b, -j + b + 3 = 0. List the prime factors of j.
2
Let v = 5 + -8. Let p = v + 11. What are the prime factors of p?
2
Suppose 3*w + 2*h = -0*h + 30, 3*h + 20 = 2*w. Let r = 24 - w. List the prime factors of r.
2, 7
Let p = -3 + 15. Let t = 7 + p. What are the prime factors of t?
19
List the prime factors of ((15/10)/(3/164))/2.
41
Suppose a + 1 = 3. Suppose -24 = -5*u - z, -5*u = z + a*z - 32. Suppose -u = -n + 8. List the prime factors of n.
2, 3
Let p be (1 - -29)*(-21)/(-14). Let y = -5 + 11. Suppose y*k - k - p = 0. List the prime factors of k.
3
Let v(f) = -6*f. Let c be v(4). Let j be 246/c - 2/(-8). List the prime factors of ((-8)/j)/(6/15).
2
Suppose 5*j - 6*o = -2*o + 6, -4 = -3*j + 2*o. Let b(d) = -j*d + 0*d + d**2 - 2 - 6. What are the prime factors of b(6)?
2
Let b = 383 + 29. List the prime factors of b.
2, 103
Suppose i = 16 - 73. Let w be i/(-9) - 1/3. Suppose -w*x = -9*x + 39. List the prime factors of x.
13
Let c(d) = -5*d**3 - 2*d**2 + 5*d + 2. List the prime factors of c(-3).
2, 13
Let i = -1 + 3. Suppose 5*s - 3*o + 36 = 0, i*s - 5*o + 3*o + 16 = 0. Let q = 2 - s. List the prime factors of q.
2
Let a = 2 + 3. Suppose f + 2 = 0, 0 = a*j - 3*f - f - 48. Suppose -4*k = 5*y - j - 11, -3*k + 15 = 3*y. What are the prime factors of k?
2, 3
List the prime factors of (4 - 7) + 1 + 14.
2, 3
What are the prime factors of 1065/5 + (2 - (3 + 1))?
211
Let p be ((-36)/(-15))/((-6)/(-20)). Let c(x) = -x + p*x + x + 1. List the prime factors of c(1).
3
Let n = 3 + 0. Suppose -5*p = k - 275, 0 = p - 3*p - n*k + 97. Suppose -3*a + 3*l + 60 = 0, 0 = -4*a + l + 9 + p. What are the prime factors of a?
3, 5
Suppose 5*l - l = 20. List the prime factors of l.
5
List the prime factors of (34 + -6)*(-10)/(-8).
5, 7
Let f be 2/(-7) - 132/(-21). Suppose -r + 1 = -f. List the prime factors of r.
7
Suppose 5*q + y - 138 = 0, q = 3*y + 27 + 7. Suppose -4*w + q = -0*w. Suppose 4*v = w*v - 12. What are the prime factors of v?
2
Let w be 5/2 - 3/6. Let d be (4/(-5))/(w/(-35)). Suppose -2*i + 3*i = r - d, 2*i + 41 = 3*r. What are the prime factors of r?
13
Let l be (21/4)/(-7)*-12. Let h = l - -3. List the prime factors of h.
2, 3
Suppose 5*b - 3*b = 8. Suppose -9 = -b*m - 3*h, -h + 8 = 3*m + h. List the prime factors of m.
2, 3
Suppose 1288 = 10*d - 162. What are the prime factors of d?
5, 29
Let v = -39 + 72. What are the prime factors of v?
3, 11
Suppose 3*n = -0*n - 3. Let v(h) = -20*h**3 - h**2 + h + 1. List the prime factors of v(n).
19
Let i = -5 + 8. Suppose -2*l + 34 = 2*b, 0 = -3*b - 5*l + 35 + 20. Suppose i*o - b = -0*o. What are the prime factors of o?
5
Let y(u) = -u**2 - 2*u - 1. Let d be y(-1). Suppose 2*f + d*f = -5*r - 2, -3*r - 3 = f. List the prime factors of f.
3
Suppose -4*b + 192 = 2*a, 3*a - 136 = 2*b + 136. What are the prime factors of a?
2, 23
Let s be 8/(-20) + (-22)/(-5). List the prime factors of (-2)/s*(-2 - 44).
23
Let p(w) = w**3 - 7*w**2 - 7*w - 8. Let b be p(8). Suppose -4*z + 5*l + 9 + 18 = b, 0 = 3*z - 4*l - 19. List the prime factors of z.
13
Suppose 0*b - 78 = -3*b. List the prime factors of b.
2, 13
List the prime factors of ((-2)/(-10)*-1)/(8/(-16040)).
401
Let t(r) = -r**2 - 9*r + 2. Let z be t(-9). Suppose w + z = -w. Let b(f) = -9*f + 1. What are the prime factors of b(w)?
2, 5
Let v = -4 - -6. Suppose -v*p - 16 = -6*p. Suppose 12 = 2*u - 0*u + p*b, -4*u + 36 = 2*b. List the prime factors of u.
2, 5
Let q be 7 + (4/4)/(-1). Suppose 4*w + 54 = q*w. List the prime factors of w.
3
Suppose -2*y - 5 + 15 = 0. Suppose 0 = -4*a - 4*p + 40 + 16, 2*a + y*p = 28. List the prime factors of a.
2, 7
Suppose 5*s - 280 = -4*n, n = -2 - 3. List the prime factors of s.
2, 3, 5
Let n(j) = j**3 + 6*j**2 + 4. Let v be n(-6). Suppose 2*z + v*i = 8*i + 24, -4*z = -i - 41. List the prime factors of z.
2, 5
List the prime factors of (-4)/18 + 5369/63.
5, 17
Let b = -13 - -63. List the prime factors of (b/1 + -4)*1.
2, 23
Let v(a) = 4*a**2 + 6*a**2 + a**3 - 2*a - 5*a**2 - 2. Let c(z) = -z**3 - 5*z**2 + 7*z + 1. Let i be c(-6). What are the prime factors of v(i)?
2
Let l(h) = 79*h - 15. What are the prime factors of l(3)?
2, 3, 37
Suppose -3*w = -2*w + 6. List the prime factors of (-13 + 1)*3/w.
2, 3
Let p(n) = -2*n + 1. Let t be p(-1). Suppose 0*j + 4*j + 33 = 3*d, -t*d - j = -18. What are the prime factors of d - (0 - -1)/1?
2, 3
Let d(f) = f**3 - 2*f**2 - 9*f + 5. What are the prime factors of d(6)?
5, 19
Let g be (6/4)/((-3)/(-10)). Suppose 4*a + 2*y - g = 5, -3*a - 3*y + 9 = 0. What are the prime factors of (a - 4) + (-10)/(-1)?
2
Let q(x) be the first derivative of 3/2*x**4 + 0*x**2 + 1/3*x**3 - 4 + 0*x. List the prime factors of q(1).
7
Let k(h) = 198*h + 9. What are the prime factors of k(1)?
3, 23
Let r = 94 - 63. List the prime factors of r.
31
Suppose 56 = -5*j - 74. Let h = 45 + j. List the prime factors of h.
19
Let p = -3 + 4. Let f be 2 + p/((-2)/38). Let k = f + 25. What are the prime factors of k?
2
Suppose 0 = h + 4*f + 14, 4*h + 6 = -4*f - 2. Let o(q) = 2*q**3 - q**2 - 3*q + 1. List the prime factors of o(h).
7
Let j(d) be the first derivative of d**3/3 - 3*d**2 + 5*d + 7. Let p = 17 + -11. List the prime factors of j(p).
5
Let p be 0*(-2)/(-2) + 9. Suppose p = k - 3. List the prime factors of k.
2, 3
Let i = 1 - -11. Let q = 58 - i. What are the prime factors of q?
2, 23
Suppose -l + 6 = -3*l + 4*b, -5*l = b - 18. Suppose -d + l*x + 49 = 0, -2*d + 4*x + 26 = -62. List the prime factors of d.
2, 17
Suppose 6*d - 5 = 5*d. Suppose d*j = -3*m + 61, -j = -3*m - 15 - 8. Let p(z) = z**2 - 12*z - 16. List the prime factors of p(j).
2, 3
Suppose -6*y + 5*y + 4*g + 57 = 0, -4 = -2*g. What are the prime factors of y?
5, 13
Suppose -31 = -2*y - 11. List the prime factors of y.
2, 5
Let i be -1*(-15)/3 - -1. Let z(m) = m + 12. List the prime factors of z(i).
2, 3
Suppose -2*k + 36 = -0*k. Suppose 2*i - k = 34. What are the prime factors of i?
2, 13
Let l(d) = -11*d**3 - 1. Suppose 5*t = 0, -4*v - 3*t + t = 4. What are the prime factors of l(v)?
2, 5
Suppose 5*t - 3*n = 102, 2*t + 0*n = 2*n + 44. Let v be (-474)/(-54) + 4/t. List the prime factors of ((-2)/(-6))/(v/54).
2
Suppose -5*s - 1 - 4 = 0. Let c be s + 1 - 30/3. List the prime factors of 54/5 + (-2)/c.
11
Suppose -3*d = -3*l - 6, 0*l + 22 = 